vided by 9.
4
Suppose -3*a - 5 = -k - 0*a, 2*k + 4*a = 40. Let o(j) = 4*j**2 - 7*j + 10. Calculate the remainder when o(3) is divided by k.
11
Let s(c) = 25*c. Let q(w) = w**3 + 27*w**2 + 123*w + 59. Calculate the remainder when q(-21) is divided by s(1).
22
Let x(c) = 3*c + 7. Let l be x(7). Suppose -l + 4 = -4*p. Calculate the remainder when p is divided by 3.
0
Calculate the remainder when (-96)/1488 + 5956/62 is divided by 43.
10
Let v(t) = 90*t**2 - 23*t + 24. Calculate the remainder when v(1) is divided by 44.
3
Let c(p) = 7*p**2 - p - 14. Let i be c(-3). Suppose 0 = -2*b - i + 370. Calculate the remainder when b is divided by 40.
39
Suppose -2*y + 0 = -26. Let i be 16/(-56) - 2/(-7). Let c = y - i. What is the remainder when 24 is divided by c?
11
Suppose 583 = 4*c + 49*c. What is the remainder when 1339 is divided by c?
8
Let p(n) = -5*n**2 + 3*n + 2. Let r be p(-1). Let x = 11 - r. Suppose 2*w = -w + 243. What is the remainder when w is divided by x?
13
Suppose 4*v - 2 + 21 = -g, -5*v + 5*g = 55. What is the remainder when 104 is divided by v/(4 - 60/14)?
20
Let t(y) = -y**2 - 7*y - 5. Let x be (-62)/(-10) + (-7)/35. Suppose -2*z + 44 = x. Calculate the remainder when z is divided by t(-5).
4
Let q = -110 - -137. Calculate the remainder when 41 is divided by q.
14
Let q be (-4)/(-18)*-6*-3. Calculate the remainder when 11 is divided by (-7)/(q - 6 - -1).
4
Let t = 13 + -15. Let b = 41 + t. Calculate the remainder when (-4)/2 - -153 - -3 is divided by b.
37
What is the remainder when 142 is divided by ((-243)/18 + 14)/(1/30)?
7
Suppose 2*i = 300 - 40. Let m = i - 118. Calculate the remainder when 29 is divided by m.
5
Let v = 53 + -12. Suppose -7*w + 8 = -v. What is the remainder when 19 is divided by w?
5
Let y(k) = 7*k + 19. Let m be y(-8). Let x = 65 + m. What is the remainder when 109 is divided by x?
25
Suppose 5*c - 5*v = -25, 3*c - 4*v + 11 = -0*c. Let z = -6 - c. Let s(h) = h**3 - 2*h**2 - 8*h + 2. What is the remainder when z is divided by s(0)?
1
Let x(b) be the second derivative of b**3/6 + 11*b**2/2 + 6*b. Let l be x(-8). Let p = l + 9. Calculate the remainder when p is divided by 5.
2
Suppose -3*h - 4*c - 6 = -4*h, 3*c + 9 = h. Calculate the remainder when h is divided by 7.
4
Let h = -576 - -621. Calculate the remainder when 89 is divided by h.
44
Let z = 19 - 12. What is the remainder when (-77)/(-3) + (-5)/(-15) is divided by z?
5
Let y = 42 - -124. Calculate the remainder when y is divided by 7.
5
Suppose u + 2 = 0, -4*s + 135 + 601 = 4*u. What is the remainder when s is divided by 58?
12
Let h(i) = -i**3 + i**2 + 32*i + 15. What is the remainder when h(-9) is divided by 18?
15
What is the remainder when 446 + 4 + -19 + 8 is divided by 40?
39
Let g = 946 - 945. Let i(n) = n**3 + 4*n**2 + 4*n + 3. Let d be i(-2). Suppose 4*p - 1 = 3*z, 2*p = d*p - 2*z + 1. What is the remainder when g is divided by p?
0
Let t(d) = d**2 + 3*d. Suppose 6*k + 5 = 5*k. What is the remainder when 18 is divided by t(k)?
8
What is the remainder when 479 is divided by (-11 + (-54)/(-3))*(-30)/(-7)?
29
Let y(m) = m + 2. Let o be y(10). Let p = 135 + -47. What is the remainder when p is divided by (-1)/((-3)/o) + 11?
13
Suppose f + 31 = g + 10, 0 = 3*g + 4*f - 28. What is the remainder when 31 is divided by g?
15
Suppose 2*t = -4*t + 18. Let d(g) = -17 + t*g + 10 + 4*g - g. What is the remainder when 83 is divided by d(4)?
15
Suppose -4*m + 2*a = -2*a - 24, 4 = a. Suppose -w + m + 6 = 0. What is the remainder when 43 is divided by w?
11
Suppose -p = 4*g + 2*p - 83, 0 = -4*g - 2*p + 86. Let b(o) = 13*o - 1. Calculate the remainder when g is divided by b(1).
11
Let n(m) = -m**2 - 27*m - 30. Calculate the remainder when n(-10) is divided by 44.
8
Let j be (-28)/(-8)*(-4)/(-7). Suppose -2*w + 7 = 1, -2*g = j*w - 24. What is the remainder when (-28)/(-3)*(-21)/(-14) is divided by g?
5
Suppose 0*q + 199 = i - q, -3 = 3*q. Let n(r) = -12*r + 128. What is the remainder when i is divided by n(9)?
18
Let p = 261 + -228. Calculate the remainder when 362 is divided by p.
32
Suppose 0 = -6*b + 3*b + 2*x - 41, 2*x + 44 = -2*b. Let w be (1 + 0)/(2/94). Let f = b + w. What is the remainder when f is divided by 8?
6
Let r = -1 + 4. Let j(n) = n**2 + 15*n + 73. What is the remainder when j(-10) is divided by r?
2
Suppose 12 = -h + 39. Calculate the remainder when h is divided by 14.
13
Let g = 1 + -7. Let v(t) = -t**2 - 15*t - 7. What is the remainder when v(g) is divided by 12?
11
Calculate the remainder when ((4/6)/(-2))/(14/(-2310)) is divided by (60/(-16))/(1/(-4)).
10
Let y(l) = l + 13. Let o be y(-10). Suppose -4*r + 5*s + 28 = s, -17 = -o*r + s. What is the remainder when r/(-25) - (-592)/10 is divided by 20?
19
Let c(i) = -133*i**2. Let s be c(1). Let g = -92 - s. Let j = 4 - -17. What is the remainder when g is divided by j?
20
Suppose -7*a + 4 = -115. Suppose -186 = -4*f + 2*j, 4*j = 2*f - 54 - 24. What is the remainder when f is divided by a?
15
Let r(q) = 3*q**3 - 3*q**2 + q + 1. Let i be 20 - 0*3/9. Suppose -i = -6*n - 8. What is the remainder when 27 is divided by r(n)?
12
Let i = 52 + -44. Suppose -3*f + m + 74 + 41 = 0, 5*f + 3*m = 173. Calculate the remainder when -8 + i - (-294)/2 is divided by f.
36
Suppose -18*z = -46*z + 952. Calculate the remainder when 132 is divided by z.
30
Let x be 4/16*-2 - (-7)/(-2). Calculate the remainder when 27 is divided by (19 - 11) + x/(-2).
7
What is the remainder when 110 is divided by 27/18*1260/27?
40
Let r(u) = u**3 - 6*u**2 - 8*u + 10. Suppose -3*g = -5*w - 0*g + 11, -4*g + 8 = -w. Calculate the remainder when w is divided by r(7).
1
Suppose -14*t + 4064 = 340. Calculate the remainder when t is divided by 73.
47
Let v(f) = f + 11. Let n be v(-8). Suppose -5*u - n*t = -224, 0*u - 4*t + 141 = 3*u. Calculate the remainder when u is divided by 9.
7
Suppose 0 = -30*w - 20 + 500. Suppose -54 = -3*n + 12. What is the remainder when n is divided by w?
6
Let z(r) = 6*r**2 - 10*r - 4. Calculate the remainder when 273 is divided by z(5).
81
Suppose -r - i = -9 - 53, 0 = -4*i - 16. Calculate the remainder when 130 is divided by r.
64
Let z(c) = -3*c + 13. Let w(i) = -i + 7. Let v(n) = 5*w(n) - 2*z(n). Calculate the remainder when 57 is divided by v(6).
12
Let a(u) = 4*u**3 - 2*u**2 + 1. Let j be a(2). Let r = 405 + -402. Let l = r + j. Calculate the remainder when l is divided by 15.
13
Let f be 46/253 - 2466/11. Calculate the remainder when (f/48 + 2/(-6))*-1 is divided by 4.
1
Suppose -4*f - 114 + 10 = -2*n, 77 = 2*n + 5*f. Suppose 971*y - 978*y + 119 = 0. What is the remainder when n is divided by y?
12
What is the remainder when (2 - 39/9)/((-22)/264) is divided by 2?
0
Suppose 0 = 2*t - 5*f - 792, 11*t = 6*t + 2*f + 2001. Calculate the remainder when t is divided by 101.
98
Let z be (-6)/21 + ((-220)/7)/(-5). Let a(s) = -s**2 + 16*s - 8. Calculate the remainder when a(z) is divided by 14.
10
Calculate the remainder when 103 is divided by ((-13)/((-13)/3))/((-6)/(-70)).
33
Suppose 9*j + 4*i - 353 = 4*j, i = -4*j + 278. What is the remainder when j is divided by 15?
9
Suppose 3*o + o - 42 = -2*r, -o + 21 = -3*r. Calculate the remainder when 1*o/(-5)*(-160)/6 is divided by 11.
9
Let d = -17 - -20. Suppose -d*y - 5 + 11 = 0. Suppose -y*w - 3*w = -225. What is the remainder when w is divided by 16?
13
Suppose 948 - 185 = 7*r. What is the remainder when r is divided by 58?
51
Let d = 1 - 7. Let b(m) = 45*m. Let r be b(-1). What is the remainder when (-160)/(-24)*r/d is divided by 13?
11
Suppose -4*m + 3*o = -17, -3*o + 27 = 4*m - 4*o. What is the remainder when 103 is divided by m?
7
Let x = -660 - -730. Let f = 22 - 4. Calculate the remainder when x is divided by f.
16
What is the remainder when (-10)/(-4) + 1515/30 is divided by 5?
3
Let z = -12 - -16. Suppose z*o + 64 = 6*o. What is the remainder when o is divided by 7?
4
Let h(o) = -8*o + 8. Let q(v) = 1. Let c(s) = h(s) - 10*q(s). Let j be c(-4). Calculate the remainder when 5 is divided by j/(-9)*(-24)/20.
1
Suppose 3*w = 4*q + 75, 9*w - 90 = 4*w - 5*q. Suppose 2*u - 175 = -3*u. Let t = u - w. Calculate the remainder when t is divided by 5.
4
Let q = -4 - -42. What is the remainder when -1 + 113 + (6/(-8) - 133/(-76)) is divided by q?
37
Let p = -42 - -62. Su